t is m(2)?
90
Let r(b) = -13*b + 180. What is r(15)?
-15
Let b(u) = 3*u**2 + 3*u - 2. What is b(-3)?
16
Let s(k) = k**3 - 9*k**2 - 5*k - 20. Calculate s(11).
167
Let z(w) = -w**2 + 9. Determine z(0).
9
Let c(r) = 2*r**2 - 3*r - 9. Calculate c(-2).
5
Let f(m) = 11*m**3 - 2*m**2 + 10*m - 15. What is f(2)?
85
Let k(s) = -s**2 + 7. What is k(3)?
-2
Let f(z) = z**2 + 3*z + 2. Determine f(3).
20
Let l(j) = -6*j + 9. Calculate l(2).
-3
Let w(f) = 3*f + 54. Determine w(-20).
-6
Let n(l) = -6*l**2 + 2*l + 4. What is n(3)?
-44
Let o(k) = 12*k + 8. Give o(-16).
-184
Let q(m) = -m**3 - 9*m**2 - 7*m + 14. Give q(-7).
-35
Let l(x) = 31*x - 167. Determine l(5).
-12
Let l(d) = 4*d**2 + 8*d + 2. Determine l(-3).
14
Let y(p) = -p**3 + 6*p**2 - 2*p - 17. Give y(5).
-2
Let j(c) = -c**2 - 3*c - 13. Determine j(8).
-101
Let g(v) = 2*v**3 - 5*v**2 - 4*v + 6. What is g(4)?
38
Let t(y) = y**3 + 4*y**2 - 2*y + 11. Give t(-5).
-4
Let j(d) = 2*d**2 + 10*d + 3. Give j(-2).
-9
Let w(f) = -2*f**3 + 8*f**2 + f + 14. Calculate w(6).
-124
Let k(m) = -m**2 - 4*m + 19. What is k(-6)?
7
Let a(u) = u**3 - 12*u**2 - 22*u - 28. What is a(14)?
56
Let n(u) = 8*u**2 + 4*u - 6. Give n(-3).
54
Let p(d) = d**3 + 9*d**2 - 11*d - 3. Determine p(-10).
7
Let j(d) = -d**2 + 27*d - 152. Calculate j(18).
10
Let h(d) = -8*d - 28. What is h(-7)?
28
Let w(x) = 7*x - 13. What is w(-3)?
-34
Let l(h) = -2*h**2 + 15*h + 45. Determine l(-7).
-158
Let x(p) = p. Determine x(-6).
-6
Let n(y) = -y**2 - 65*y - 508. Determine n(-9).
-4
Let r(l) = l**3 + 6*l**2 - 20*l - 15. Determine r(-5).
110
Let p(g) = g**3 + 9*g**2 + 13*g - 13. Calculate p(-8).
-53
Let l(h) = -h**2 + 15*h - 8. Give l(13).
18
Let k(t) = t - 7. Determine k(6).
-1
Let j(s) = s**3 - 8*s**2 - 5*s - 7. Calculate j(7).
-91
Let y(c) = 11*c**3 + c**2 - 2*c + 2. What is y(1)?
12
Let f(g) = -g**3 + 6*g**2 + 2*g - 13. Determine f(6).
-1
Let w(l) = -2*l - 10. Give w(0).
-10
Let p(u) = -u + 9. Give p(11).
-2
Let u(r) = -r**2 - 26*r - 56. What is u(-2)?
-8
Let s(d) = 13*d + 102. Give s(-8).
-2
Let y(h) = -h**3 - 2*h**2 - 2*h + 4. Give y(0).
4
Let q(j) = -j**3 - 23*j**2 + 47*j - 57. What is q(-25)?
18
Let w(q) = 5*q**3 + q**2 - 2*q. Calculate w(2).
40
Let r(c) = 3*c + 30. Give r(-12).
-6
Let d(y) = -3*y**2 - 7*y + 7. What is d(1)?
-3
Let r(n) = 6*n**2 + 9*n - 36. What is r(5)?
159
Let q(t) = -t**3 - 9*t**2 - 16*t - 18. Give q(-7).
-4
Let i(r) = -3*r**2 + 10*r + 5. Determine i(6).
-43
Let t(b) = -b**2 - 10*b + 21. Determine t(-9).
30
Let h(n) = n**3 + 9*n**2 + 9*n - 2. What is h(-8)?
-10
Let r(k) = 2*k**2 + 18*k + 11. Give r(-8).
-5
Let r(k) = 2*k**2 - 18*k - 5. Give r(10).
15
Let t(x) = -21*x + 4. Give t(3).
-59
Let m(k) = -k**2 - 10*k. What is m(-13)?
-39
Let t(d) = -d**2 + 10*d + 10. What is t(7)?
31
Let w(a) = -a**3 - 26*a**2 + 57*a + 64. Give w(-28).
36
Let v(r) = 4*r. Give v(0).
0
Let m(s) = s**2 + s - 54. Give m(7).
2
Let o(k) = -2*k. Determine o(-7).
14
Let y(d) = -d**3 + 8*d**2 - 4*d + 20. Determine y(6).
68
Let l(b) = 4*b - 5. What is l(3)?
7
Let u(d) = 4*d**3 + 3*d**2 - 4*d + 5. Calculate u(-2).
-7
Let b(r) = r**2 + 5*r - 7. Give b(-7).
7
Let l(q) = -q**2 - 16*q - 39. What is l(-8)?
25
Let z(i) = -i**3 - i**2 + i - 2. Determine z(-3).
13
Let o(q) = -10*q - 106. What is o(-11)?
4
Let z(u) = -7*u - 12. Calculate z(-7).
37
Let p(c) = c**3 + 6*c**2 + 3*c + 3. Give p(-6).
-15
Let v(s) = 2*s - 9. Calculate v(-11).
-31
Let h(x) = -x**2 - 2*x + 7. Calculate h(-4).
-1
Let j(q) = q**3 - q + 1. Give j(3).
25
Let a(z) = -3*z - 12. Determine a(-3).
-3
Let h(u) = -6*u + 17. Calculate h(2).
5
Let l(n) = n**2 - 15*n - 11. Calculate l(15).
-11
Let z(u) = u**3 + 8*u**2 + 4*u - 3. Give z(-6).
45
Let x(v) = 4*v + 8. What is x(-7)?
-20
Let n(a) = -6*a - 3. Determine n(-9).
51
Let p(j) = j**3 + 42*j**2 - 87*j + 44. Determine p(-44).
0
Let o(y) = 4*y + 27. Determine o(-14).
-29
Let f(r) = -r**3 - 7*r**2 + 13*r + 12. Determine f(-8).
-28
Let l(b) = 2*b**2 + 36*b - 4. What is l(-18)?
-4
Let w(g) = -g**3 + 11*g**2 - 13*g + 25. Determine w(10).
-5
Let d(a) = -2*a + 4. Give d(0).
4
Let j(r) = -r**2 - 8*r + 4. Determine j(-8).
4
Let c(b) = 2*b + 5. Give c(-8).
-11
Let h(t) = 2*t + 3. Calculate h(5).
13
Let g(c) = -2*c**3 + 9*c**2 - 7*c + 5. Calculate g(3).
11
Let k(x) = -x**3 - 12*x**2 + 27*x - 16. What is k(-14)?
-2
Let d(o) = 105*o - 2. Give d(1).
103
Let m(p) = -4*p + 24. Give m(7).
-4
Let k(h) = 2*h**2 + 6*h - 22. What is k(-5)?
-2
Let u(a) = a**3 + 2*a**2 + 2*a - 2. Calculate u(-3).
-17
Let d(u) = -4*u**2 + 20*u + 4. Give d(7).
-52
Let t(p) = 2*p**2 - 5*p + 5. Determine t(2).
3
Let a(x) = 9*x + 116. What is a(-11)?
17
Let a(x) = x**3 - 12*x**2 - 12*x + 7. Determine a(13).
20
Let r(c) = c**3 - 4*c**2 + 2*c - 4. Calculate r(3).
-7
Let c(n) = 5*n + 73. What is c(-7)?
38
Let d(b) = 5*b**2 + 25*b + 4. What is d(-4)?
-16
Let y(d) = 5*d + 50. What is y(-11)?
-5
Let w(t) = -2*t + 57. What is w(21)?
15
Let i(s) = s**3 - 13*s**2 + 2*s - 29. Determine i(13).
-3
Let w(y) = y**2 + 11*y + 7. Calculate w(-11).
7
Let t(q) = -3*q**3 + 11*q**2 - 6*q - 16. Determine t(3).
-16
Let u(t) = t**2 - 15*t - 13. Determine u(16).
3
Let m(k) = -2*k**2 + 5*k + 161. Determine m(-8).
-7
Let f(h) = -h**3 + h**2 + 4*h - 6. What is f(3)?
-12
Let b(s) = -2*s**2 - 7*s + 1. Calculate b(-5).
-14
Let h(m) = -4*m + 55. Determine h(11).
11
Let c(z) = -z**2 - 13*z + 26. Calculate c(-14).
12
Let s(m) = -4*m - 1. Give s(-3).
11
Let j(m) = -m**2 - 3*m - 2. What is j(-5)?
-12
Let v(c) = -c**3 + 8*c**2 - 3*c + 10. Calculate v(8).
-14
Let y(d) = d**2 - 10*d - 5. What is y(14)?
51
Let k(v) = 59*v**2 - 3*v - 2. Calculate k(-1).
60
Let k(b) = b + 5. What is k(4)?
9
Let w(u) = -14*u**2 - 3*u. Calculate w(-2).
-50
Let w(j) = 4*j**3 + 3*j**2 + 3*j - 2. What is w(-2)?
-28
Let q(n) = -n**3 + 19*n**2 - 18*n - 14. Determine q(18).
-14
Let x(l) = -l + 9. Determine x(4).
5
Let c(n) = -3*n**2 + 30*n - 13. What is c(9)?
14
Let j(s) = s**3 - 12*s**2 - 65*s + 10. Determine j(16).
-6
Let v(o) = 3*o + 3. Give v(-3).
-6
Let k(u) = u**2 - 28*u + 45. What is k(21)?
-102
Let d(y) = 3*y**3 + 4*y**2 - 4. Determine d(-2).
-12
Let d(c) = -46*c**2 - c. Calculate d(-1).
-45
Let k(y) = 145*y - 572. Determine k(4).
8
Let g(c) = -c**3 - 9*c**2 - 3*c + 8. Determine g(-9).
35
Let o(p) = p**2 - p - 4. What is o(-3)?
8
Let a(i) = -3*i - 18. What is a(-3)?
-9
Let g(i) = i + 24. What is g(0)?
24
Let i(p) = -2*p**2 + 6*p + 12. Calculate i(7).
-44
Let d(a) = 3*a + 7. Calculate d(-8).
-17
Let n(x) = x**2 + 24*x - 115. Give n(-28).
-3
Let q(m) = -4*m + 28. Determine q(8).
-4
Let t(f) = -96*f**3 - 2*f**2 + f. Calculate t(1).
-97
Let y(x) = x**2 + 7*x + 11. What is y(-4)?
-1
Let l(t) = -9*t - 7. What is l(3)?
-34
Let p(u) = 21*u + 22. Give p(0).
22
Let r(n) = n**3 + 9*n**2 + 4*n + 42. Determine r(-9).
6
Let x(h) = -h**3 + 6*h**2 - 11*h + 28. Calculate x(5).
-2
Let q(g) = -34*g - 1. Calculate q(1).
-35
Let u(x) = 3*x**2 - 8*x + 4. Calculate u(3).
7
Let p(s) = s**3 + 10*s**2 + 17*s + 15. What is p(-8)?
7
Let s(a) = a**2 + 4*a - 12. Give s(-9).
33
Let n(a) = a**2 - 10*a + 25. Determine n(6).
1
Let s(t) = 7*t - 23. Determine s(4).
5
Let z(a) = a**2 - 8*a + 1. Determine z(-2).
21
Let f(u) = 4*u - 71. Calculate f(22).
17
Let m(b) = -8*b - 16. Give m(-4).
16
Let h(y) = -y**2 + 11*y + 120. Determine h(-7).
-6
Let h(j) = 7*j**2 + 2*j - 3. What is h(2)?
29
Let p(i) = -i**3 + 19*i**2 + 21*i - 25. What is p(20)?
-5
Let m(p) = 2*p**2 - 5*p - 38. Give m(6).
4
Let n(o) = o**2 + 2*o + 1. Give n(4).
25
Let z(d) = 101*d - 400. Calculate z(4).
4
Let r(l) = l**2 - 3. Determine r(-5).
22
Let c(s) = s**3 + 13*s**2 + 12*s - 5. Give c(-12).
-5
Let k(j) = -2*j + 15. Calculate k(6).
3
Let n(c) = -c**2 + 23*c - 40. Determine n(22).
-18
Let j(l) = -l**2 + l + 32. Calculate j(0).
32
Let z(x) = x**3 + 7*x**2 + 19*x + 38. Calculate z(-5).
-7
Let o(q) = -38*q**2 + 2*q - 2. Determine o(1).
-38
Let i(f) = 67*f + 421. Calculate i(-6).
19
Let c(k) = -k**2 - 12*k - 18. What is c(-10)?
2
Let f(b) = -b**3 - 5*b - 4. Calculate f(4).
-88
Let p(o) = o**2 - 11*o + 20. What is p(6)?
-10
Let g(c) = -3*c**2 - 27*c + 5. Determine g(-12).
-103
Let x(w) = w - 11. What is x(10)?
-1
Let d(x) = 2*x**2 - 7*x + 1. Calculate d(6).
31
Let d(u) = -u - 4. Determine d(3).
-7
Let z(d) = 26*d**2 + 1. Give z(1).
27